 = 4*d - 2*c - 16342, -2*d - 5*c + 3089 = -5076. Let x = -2278 + d. Is x prime?
False
Let i be -2 - (-35)/(-5)*-175. Suppose -5*u - 3*s + 7766 = -i, -5401 = -3*u + 2*s. Is u a prime number?
False
Let s(v) = -v**2 - 10*v - 14. Let t be s(-8). Suppose 0*i - 2*i + 2*u = -7980, -t*i + 4*u + 7990 = 0. Suppose 3*z - i = -2*z. Is z a prime number?
True
Suppose -4*p = 2*i - 0*p - 92794, 3*i + p - 139196 = 0. Is i prime?
True
Let n(g) = -3*g**3 - 8*g**2 + 34*g - 190. Is n(-22) a prime number?
False
Let c(y) = 11299*y + 8342. Is c(21) prime?
True
Let w(m) = -m**2 - 3*m - 19. Let o be w(-16). Let t = -137 - o. Suppose 0*n - 20 = 5*n, -2*j = 2*n - t. Is j a prime number?
False
Suppose -19*i + 16*i + v + 824473 = 0, 0 = 2*i - 3*v - 549658. Is i composite?
True
Let h = -18453 + 706480. Is h a composite number?
False
Let q = 80 + -85. Let l(k) = 4*k**2 + 7*k + 9. Let f be l(q). Is (-1*f)/(1/((-17)/2)) a prime number?
False
Suppose -54*j + 53*j = r - 326143, 3*j - 1630711 = -5*r. Is r prime?
True
Suppose 0 = 3*r - 2904 - 1566. Suppose 0 = 8*c - 3*c - r. Is c composite?
True
Let g(n) = 1972*n + 4579. Is g(45) a prime number?
True
Suppose 0*p - x - 35 = -2*p, 0 = -5*x - 15. Let t(o) = -19 - p*o + 33*o + o**2 + o**2. Is t(-18) a composite number?
True
Let f = 57708 + -21911. Is f composite?
False
Let p(g) be the second derivative of -g**3/3 - 10*g**2 + 10*g. Let f be p(-10). Suppose -5*i + 1504 = 4*l, -738 = -2*l - f*l + i. Is l prime?
False
Suppose i + 37 = -37. Let t = -72 - i. Is t + -1 + (-190)/(-1) a composite number?
False
Is 6/(-5 + 2) + 142037 + 8/(-2) a prime number?
True
Suppose 578 = -3*j - 2*j - 2*n, 0 = j + 2*n + 114. Let x = j - -118. Suppose 0 = x*y - 159 - 2287. Is y a composite number?
False
Let b be 21 + 3/9 + 78/(-18). Let i = -18 + b. Is (-6 - -3) + 0 + (4113 - i) a prime number?
True
Let b(y) = -89*y + 6. Let d(r) = r**3 - 4*r**2 + 4*r. Let x be d(4). Let a be b(x). Let h = -227 - a. Is h composite?
True
Let b be -6*(-3 + ((-11)/(-3) - 0)). Is (-2498)/((16/b - -5)*-2) a prime number?
True
Let d be 30/(-15)*3/(-2). Suppose d*x = -x + 7660. Is x a composite number?
True
Suppose 4*l = -2*l - 13050. Let v = -78 - l. Suppose -v = 4*x - 14221. Is x a composite number?
True
Suppose 16*o = o + 4447531 - 760966. Is o prime?
True
Let f(g) = 5*g + 20. Suppose -5*v - r = -63, -3*v + v - 5*r + 16 = 0. Let t be f(v). Suppose 4*o - 133 = -3*d, t + 155 = 5*d + 3*o. Is d a prime number?
False
Is 19932 + 4*143/(-44) composite?
False
Let k(a) = 500*a - 3. Let n be k(-6). Let o = n + 7370. Is o composite?
True
Suppose -73454 = -21*t - 17*t. Suppose 0 = 4*g - 3*q - 1565, 4*g + 4*q - t = -g. Is g prime?
True
Suppose -a = 4*a - 10. Let v be (-1340)/(-6)*(3/a - -3). Let r = -214 + v. Is r composite?
True
Let b(l) = 3*l - 1. Let h be b(-1). Let s(p) be the second derivative of -211*p**3/6 - 9*p**2/2 + 16*p. Is s(h) prime?
False
Suppose 19*q + 36 = 22*q. Suppose 0 = -q*h + 11*h + 4. Suppose -2*j = h*x - 218, 0*j + 2*j + x = 209. Is j prime?
True
Let p be (10/(-15))/(2/(-534)*2). Let u = 83 - p. Let j(m) = 31*m**2 + 3*m + 17. Is j(u) a prime number?
False
Suppose -3*o + 9*d = 5*d - 204, -4*d = 12. Let s = 72 - o. Let v(m) = 5*m**2 - m + 27. Is v(s) prime?
False
Suppose -15*t - 45 + 15 = 0. Is (72 - t)*2*46/8 composite?
True
Suppose 5145*w - 5150*w + 1185635 = 0. Is w prime?
False
Let a(t) = t**3 - 8*t**2 + 6*t - 18. Let b(z) = -z**2 + 4*z + 28. Let k be b(7). Let l be a(k). Let s = -2 - l. Is s prime?
True
Let t be (-287)/(1*(0 + (-5)/10)). Let k = t + -257. Is k a prime number?
True
Suppose 4*o = 32*o + 1764. Is (-976)/(-3) - (-147)/o prime?
False
Suppose -52 = -4*h - 4*p, -5*h = -0*h + 3*p - 57. Suppose 5*a - h = 4*y + 7, 3*y = -12. Suppose 2*o = o - 5, a = -4*x + o + 4689. Is x composite?
False
Is 47229 + (6 - -10) + -8 a prime number?
True
Let h = -214 - -214. Suppose h = 6*o - 4405 - 5621. Is o prime?
False
Let b = 14537 + -10302. Suppose 8*f - 629 = b. Let r = f + 357. Is r a composite number?
True
Let h(o) = 13*o + 53. Suppose 11*j - 133 = -1. Is h(j) prime?
False
Let x(d) = -2*d**2 - 5*d + 6779. Let a be (52/65 - 9/5)*0. Is x(a) a prime number?
True
Let s = 17046 - -4831. Suppose -s - 14825 = -18*z. Is z a prime number?
True
Suppose -18 = 2*f - 2. Let s be (-8)/6*18/f. Suppose 0 = -u - s, 203 = v + 4*v + 4*u. Is v composite?
False
Let w(y) = 8826*y + 2021. Is w(23) a composite number?
False
Let r(j) = -11*j**3 + 11*j**2 + 10*j + 9. Let x(y) = 31*y**3 - 32*y**2 - 31*y - 28. Let f(u) = 17*r(u) + 6*x(u). Is f(-21) composite?
True
Suppose 12*s = -17*s + 300643. Suppose -s = -2*k - 5*r, 2*r + 857 = -2*k + 11209. Is k composite?
False
Let q be 4/((6/(-9))/1)*3. Let o be 9/(-18) - (q/4 + 2). Is o/(-8) - ((-33540)/16)/5 composite?
False
Let j(z) be the first derivative of 15943*z**2/2 + 48*z + 81. Is j(1) prime?
True
Let v be (42/2)/((-56)/812448). Is v/(-60) + (-12)/15 a prime number?
True
Let g be -3 + (-3 + 1 - -8). Suppose g*w - 18691 + 4990 = 0. Let z = -1196 + w. Is z composite?
False
Let b(t) = -103*t**3 - 2*t**2 - 3*t - 1. Suppose 4*l - 12 - 64 = 0. Let q = l - 20. Is b(q) composite?
False
Let n(d) = d**2 + 26*d + 57. Let s be n(-23). Let l be (-2)/(s/54)*2/6. Suppose 3*o - 10296 = -5*f, l*o = 4*f + 1380 + 8889. Is o composite?
True
Suppose -x + 179855 = -4*b - 47860, 0 = 2*x - b - 455437. Is x prime?
True
Let j(n) be the second derivative of 7*n**4/12 - 5*n**3/3 - 2*n**2 - 15*n. Let v be j(-8). Let b = v - -1847. Is b composite?
False
Suppose 4*z + 153*f - 156*f = 136215, 3*z = -4*f + 102155. Is z composite?
True
Suppose 0 = 4*f + 2*m - 4, -2*m = -2*f - 0*m + 8. Suppose 5*k - 9740 = -5*j, -f*j = -3*k + k + 3900. Is k a prime number?
True
Is -7 - (7578/(-12)*-12)/((-8)/16) a prime number?
True
Let c(r) = -105*r + 16. Is c(-197) composite?
True
Let b be (300/(-35))/(-6)*14. Let o be 3/(-30)*-5*b. Suppose -o*c + 0*c + 8890 = 0. Is c composite?
True
Suppose 2*j = 4*t + 14, -2*j + 6*t + 8 = 8*t. Suppose 6*p - 5*p + 5 = 0, -j*b - 4*p = -15845. Is b a prime number?
False
Let y(a) = -127*a + 20. Let b(d) = 32*d - 5. Let c(s) = -9*b(s) - 2*y(s). Let g be c(-8). Suppose -27*l = -26*l - g. Is l a prime number?
True
Suppose -14*c + 478120 = -265392. Let j = c - 34845. Is j prime?
False
Suppose 0 = -3*f + 6*l - 4*l - 426, -156 = f + 4*l. Let y = f - -145. Is (2/(-5))/y - 8121/(-15) a composite number?
False
Let w(k) = 263*k - 141. Let o be w(36). Let h = -6466 + o. Is h prime?
True
Suppose 49990 = 3*o - 97976. Suppose -41338 = -12*j + o. Is j a prime number?
False
Is 15/660*24 + 437101/11 prime?
False
Suppose 43 - 8 = 7*a. Suppose a*l + 5865 = -4*u, 0*u - 4*l - 4398 = 3*u. Let f = u + 2213. Is f composite?
False
Let b = 16727 - -1160. Is b composite?
True
Suppose -2*p = 2*h - 13166, 2*h = -4*p + 13821 - 655. Is h a composite number?
True
Suppose 0 = 4*j - 2*i - 4483494, -3*j + 770762 = -i - 2591856. Is j a composite number?
False
Suppose -18*z = 19*z - 459947. Is z prime?
False
Let m(o) = -1199*o - 3. Let a be m(1). Let n = a - -2272. Suppose -4*s + n = 210. Is s prime?
False
Let y be (-21)/(-14)*(-8)/6. Let g(h) = 225*h**2 - h - 4. Let q be g(y). Suppose -u + q = -3*r, 3*u + 0*r - 2661 = -2*r. Is u prime?
False
Let k = 125 + 369. Suppose 5*x - 321 = 4*x. Let w = k + x. Is w composite?
True
Let x(l) = -l**2 - 11*l - 13. Let k be (6/(-15))/((-4)/(-100) + 0). Let a be x(k). Is 2/(-16) + a + (-44919)/(-56) prime?
False
Suppose -s = 7*q - 487231, -33*s + 139194 = 2*q - 29*s. Is q a composite number?
True
Suppose -4*g - 30*b + 33*b + 989146 = 0, -2472898 = -10*g + 2*b. Is g prime?
False
Let j = 108 - 102. Let h(n) = 17*n**2 - 6*n - 13. Is h(j) prime?
True
Suppose -3*t + 6 = 0, -5*f + 9*f + 4*t - 120 = 0. Suppose 45969 = f*x - 102571. Is x a composite number?
True
Suppose -38*y + 7397309 = 150*y - 72188543. Is y composite?
True
Let j be ((-35)/(-15) - 3)*-6. Let g(y) = 3644*y + 7. Let f be g(j). Suppose -2*v + f = v. Is v a prime number?
True
Let q(b) = 1746*b**3 + b**2 - 6*b + 8. Let n be q(2). Suppose -14*y + 5030 = -n. Is y a prime number?
False
Suppose -9 = -5*d + 6. Let z(x) = -21*x**3 - 18*x**3 + 45*x**3 - x. Is z(d) a composite number?
True
Suppose -510 = 3*i - 1446. Is ((-669)/6)/((-12)/i) a prime number?
False
Let m(v) = v**3 + 19*v**2 + 2*v + 9. Suppose -24 + 13 